ulate the highest common divisor of 16 and f.
8
Let z be -3 + (0/6 - (4 + -733)). Calculate the greatest common divisor of 22 and z.
22
Let z be 3/(-15) - (-72)/(-15). Let o = 14 + z. Calculate the highest common divisor of 36 and o.
9
Let c be (-68)/(-12) + 2/12*2. What is the highest common divisor of c and 66?
6
Let a(q) = -9*q - 2. Let d be a(-2). Let g be ((-3)/(-4))/((-2)/d). Let o be g/(-4)*(-3 - -13). What is the greatest common factor of 45 and o?
15
Suppose 58 = l + 2*t, 121 = 2*l - 11*t + 14*t. Calculate the highest common factor of 272 and l.
68
Let b(q) = 42*q**2 + 16*q - 8. Let o be b(-6). What is the greatest common divisor of 44 and o?
44
Let r = 96 + -61. Suppose 0 = 4*h + 5*c - 6, 4*h = -3*c - 0*c + 10. Suppose h*x - 10 = 2*x. What is the greatest common divisor of x and r?
5
Suppose -4*y + 2*y + f - 40 = 0, 5*f - 20 = 0. Let g be (-4)/y + -19*52/(-9). Calculate the highest common factor of g and 10.
10
Suppose 3*b - 95 = 4*a, -3*b - 3*a = -4*b + 30. Calculate the greatest common divisor of b and 594.
33
Let h(j) = -j + 40. Let m be h(0). Let f(z) = 5*z - 5*z**2 + 8 + 9*z - 8*z + 4*z**2. Let s be f(6). What is the greatest common divisor of m and s?
8
Let l(f) = f - 10. Let z be l(0). Let x be (z - (0 - -2))*-1. Suppose -4*o + 4 = -8, 3*a + o - 255 = 0. Calculate the highest common factor of a and x.
12
Suppose 178 = w + 3*a - 450, 2*w - a - 1277 = 0. What is the highest common factor of w and 455?
91
Let j(o) = o**3 + 4*o**2 + 3*o - 2. Let c be j(-3). Let b be 152/(-15) + c/(-15). Let u be (1 - b) + -1*2. What is the highest common divisor of 6 and u?
3
Suppose y = -2 - 1. Let i be 2/y - 96/(-9). Suppose 0 = 5*c - 10, 6*l - 3*c - 74 = 4*l. What is the greatest common factor of l and i?
10
Suppose -x = 6*x - 14. Suppose 3 = -x*t - 9. Let s(j) = -26*j + 4. Let i be s(t). What is the highest common factor of i and 20?
20
Suppose -5*f + 279 - 69 = 5*b, -3*f = -3*b - 108. Let z(q) = -q + 2. Let i be z(-4). What is the highest common factor of i and f?
3
Let l = 2174 - 1992. Calculate the greatest common factor of 494 and l.
26
Let z be (0 - (-1262)/5) + 26/(-65). Calculate the greatest common divisor of 28 and z.
28
Suppose 2*g - g + 17 = -5*c, 3*g = -6. Let u be (c/(-3) - -1)*6/4. What is the highest common divisor of u and 6?
3
Suppose -15*v + 154 = -251. Calculate the greatest common factor of 2241 and v.
27
Let x(w) = -w**3 + 4*w + 53. Let g be x(0). What is the greatest common divisor of g and 53?
53
Let r = 648 + -297. Calculate the greatest common factor of 39 and r.
39
Let p be 1/(-9) + (-4754)/(-18). What is the highest common divisor of 24 and p?
24
Let m(x) = 7*x**2 + 91*x + 7. Let r be m(-13). What is the greatest common divisor of 1036 and r?
7
Let c be (-1)/(3/(-15)) - 3. Let r be 43 + 3 + -4 - c. Suppose 0*s = -s + r. What is the highest common factor of s and 100?
20
Suppose 2*q = q. Suppose q*l = -l + 3, 0 = 5*n - 5*l. Suppose -36 = -0*b - n*b. Calculate the greatest common divisor of b and 4.
4
Let h = 133 - 82. What is the greatest common divisor of 255 and h?
51
Let n(h) = 40*h - 12. Let o be n(-2). Let i = o - -188. What is the greatest common factor of i and 64?
32
Let k be ((0 - 1)*0)/(1 - 0). Suppose k*t = -t + 1, -431 = -5*d + 4*t. Calculate the greatest common factor of 29 and d.
29
Let v = 352 + -313. Calculate the greatest common divisor of 208 and v.
13
Let v(n) = -11*n - 52. Let b be v(-6). Calculate the greatest common factor of 350 and b.
14
Suppose -2*l + 0*l + 4*m + 12 = 0, -3*l - m + 11 = 0. Suppose 4*n + 16 = -0*n, 5*o - 3*n - 32 = 0. What is the highest common divisor of o and l?
4
Let j = -712 - -725. What is the highest common divisor of j and 2743?
13
Let g be (-1 - 0)/((-1)/3). Suppose -2*v - 2 = 3*r - 10, g*v - 3*r = 42. Let m be (-17 - (15 + -27))/(-1). What is the greatest common factor of m and v?
5
Let l = 13 - 18. Let t = 5 + l. Let v be (-1)/((-1)/4 + t). What is the highest common divisor of 20 and v?
4
Suppose -10*x - 2*m = -9*x - 378, -1084 = -3*x + 4*m. What is the highest common factor of x and 48?
16
Let u be (315 - (6 - 5)) + 5. What is the greatest common factor of u and 29?
29
Let x(l) = 2*l**2 - 6*l - 43. Let z be x(9). Let y(g) = -g**3 - 2*g**2 - 2*g - 2. Let d be y(-3). What is the greatest common factor of z and d?
13
Let d be ((-17)/(1/1))/(-1). Let r(w) = -w**3 + 4*w**2 - 2*w - 1. Let h be r(3). Suppose 0 = -4*q + h*q + 34. What is the highest common divisor of d and q?
17
Let u(m) = 8*m**3 - 4*m**2 + 6*m - 4. Let p be 1/(-3)*4*57/(-38). Let y be u(p). Let l = 12 - 4. Calculate the greatest common divisor of y and l.
8
Let q be 3/45*-5 + 289/3. What is the greatest common factor of 9 and q?
3
Suppose 0 = -j + 4*j - 48. Suppose n - 9 = -1. Suppose -2*g + n = -g. Calculate the highest common factor of j and g.
8
Suppose -23*o = -145 + 53. Let s(b) = -22*b - 2. Let r be s(-1). Calculate the highest common factor of r and o.
4
Let l = 340 + -230. What is the highest common divisor of l and 10?
10
Suppose b + 21 = 2*m, -2*b - 3*b - 77 = 4*m. Let s = b + -1. Let j = 24 + s. What is the highest common divisor of 3 and j?
3
Let y be 14/(-161) - 1614/(-46). What is the highest common divisor of y and 10?
5
Suppose 0 = -10*l - 14*l + 672. Calculate the highest common factor of l and 238.
14
Let s = 553 + -545. What is the greatest common divisor of 18 and s?
2
Let p(d) = -15*d - 60. Let y be p(-6). Calculate the greatest common factor of 12 and y.
6
Let p be 0 - 4 - -82*1/(-2). Let n = 51 + p. What is the greatest common divisor of 12 and n?
6
Let f be (0 - -15) + 9 + -12. Let j be 2*f*(-24)/(-9). Calculate the greatest common factor of 8 and j.
8
Suppose 2*a + 3*u + u = 2, 0 = -a + 3*u + 1. What is the greatest common factor of a and 25?
1
Let r be (22/297*18)/((-3)/(-144)). Suppose -b - 16 = -2*b. Calculate the greatest common factor of r and b.
16
Suppose 4*y + 0*y = 5*s - 368, 3*s + 5*y = 206. Let b = 446 - s. What is the greatest common factor of 34 and b?
34
Suppose 5*s - 195 = 2*s - n, 2*n - 6 = 0. What is the highest common divisor of s and 1728?
64
Let y(u) = 2*u**3 - 5*u**2 + 3*u + 2. Let t be y(2). Suppose -v - t*f - 6 = 6, 0 = -2*v + 3*f + 31. Calculate the greatest common factor of 1 and v.
1
Suppose -71*j + 84*j - 52 = 0. Calculate the greatest common factor of j and 452.
4
Let k be 6*(100/8*1 + 1). Calculate the greatest common divisor of 27 and k.
27
Suppose 3*i - 184 + 76 = 0. Suppose -6*c = -0*c - i. Let u be (3/(-4))/((-3)/12). Calculate the greatest common factor of u and c.
3
Let i be 90/(-35)*(-224)/6. Suppose 4*j - 225 = 9*j. Let p be (-236)/(-10) + (-18)/j. Calculate the highest common divisor of p and i.
24
Let v = 262 + -249. What is the greatest common divisor of v and 221?
13
Let r(z) = 2*z + 128. Let p be r(34). Calculate the highest common factor of 28 and p.
28
Suppose -g + 2*g + o = 40, -3*o - 153 = -4*g. What is the greatest common divisor of 3 and g?
3
Let w be (-69 + 62)*48/(-7). Calculate the highest common divisor of 30 and w.
6
Let u be -120*(-35)/20*2. What is the highest common divisor of u and 168?
84
Let c = 1 + 1. Suppose c*t - q - 2*q + 3 = 0, 3*q = -t + 12. Suppose 5*o - 10 = t*o. Calculate the highest common factor of o and 55.
5
Let w(s) = -s**3 - 8*s**2 - 9*s - 8. Let b be w(-7). Let r(c) = 7*c - 43. Let n be r(7). What is the greatest common divisor of n and b?
6
Let o be (2 - 4/(-2)) + 20. Suppose -10*a = -13*a + o. Calculate the greatest common divisor of 20 and a.
4
Let z(l) = -51*l**2 + 17*l - 19 - 47*l**2 + 97*l**2. Let n be z(15). Calculate the greatest common divisor of n and 55.
11
Let u be 4 + (-5 + 4 - -4). Suppose -3 = 6*h - u*h. Suppose h*k - 24 = -4*n + 9, -2*k + 18 = 2*n. What is the highest common factor of n and 66?
6
Suppose 17*s - 1716 = -9*s. Let z = 107 + -63. What is the greatest common factor of z and s?
22
Suppose 3*j - 6 = w, -5*w + j + 1 = -11. Suppose 0 = -g, w*q - 169 = -g - 19. Suppose -4*m + q = m. What is the greatest common factor of m and 10?
10
Suppose 2*l - 322 = -5*g, 2*l + g - 229 - 93 = 0. Let j be (-161)/2*(-10)/280*8. What is the highest common factor of j and l?
23
Suppose -2*k - 756 = k. Let y = -148 - k. Calculate the highest common divisor of y and 8.
8
Let z = 1322 + -1184. What is